tors of 914373654.
2, 3, 29, 5255021
List the prime factors of 83309253.
3, 41, 677311
What are the prime factors of 5196888?
2, 3, 89, 811
List the prime factors of 130041701.
23, 53, 107, 997
What are the prime factors of 216277899?
3, 8297, 8689
What are the prime factors of 536457984?
2, 3, 17, 2417
List the prime factors of 1435925721.
3, 478641907
What are the prime factors of 618196163?
13, 269, 176779
List the prime factors of 1088459859.
3, 19, 19095787
List the prime factors of 795179294.
2, 7, 13, 4369117
List the prime factors of 2981027004.
2, 3, 83, 2992999
What are the prime factors of 16392629?
11, 23, 64793
What are the prime factors of 2165592809?
2165592809
List the prime factors of 3306101398.
2, 1997, 827767
List the prime factors of 277546.
2, 73, 1901
List the prime factors of 827084795.
5, 199, 293, 2837
List the prime factors of 1813384066.
2, 13, 151, 461891
What are the prime factors of 3231497946?
2, 3, 538582991
What are the prime factors of 25438433?
4327, 5879
List the prime factors of 921995573.
97, 881, 10789
What are the prime factors of 474305578?
2, 1039, 228251
List the prime factors of 57401298.
2, 3, 354329
List the prime factors of 3162858113.
61, 3769, 13757
What are the prime factors of 292610610?
2, 3, 5, 1083743
What are the prime factors of 119275336?
2, 14909417
What are the prime factors of 1341046245?
3, 5, 7, 11, 41, 28319
List the prime factors of 269432541.
3, 7, 17, 83857
What are the prime factors of 6396155695?
5, 643, 719, 2767
List the prime factors of 441863930.
2, 5, 44186393
List the prime factors of 141448674.
2, 3, 23574779
What are the prime factors of 19292799?
3, 37, 179, 971
List the prime factors of 571234240.
2, 5, 19, 47, 1999
List the prime factors of 77282876.
2, 11, 31, 56659
List the prime factors of 792598629.
3, 263, 1004561
What are the prime factors of 4420894140?
2, 3, 5, 13, 167, 419
What are the prime factors of 784484407?
7, 19, 16339
List the prime factors of 598466691.
3, 17, 76697
What are the prime factors of 399040829?
11, 191, 189929
What are the prime factors of 234671313?
3, 78223771
List the prime factors of 72184619.
13, 5552663
What are the prime factors of 1825404213?
3, 37, 67, 103, 2383
List the prime factors of 1641531908.
2, 410382977
What are the prime factors of 353280170?
2, 5, 35328017
List the prime factors of 25987822.
2, 7, 89, 20857
List the prime factors of 7054714669.
1153, 6118573
List the prime factors of 1911541464.
2, 3, 7, 199, 6353
List the prime factors of 890716730.
2, 5, 29, 3071437
What are the prime factors of 47067561?
3, 89, 6529
List the prime factors of 178957718.
2, 739, 121081
List the prime factors of 122845730.
2, 5, 7, 1754939
What are the prime factors of 54477431?
37, 43, 97, 353
What are the prime factors of 495564656?
2, 541, 57251
List the prime factors of 152569437.
3, 5953, 8543
List the prime factors of 2462760.
2, 3, 5, 6841
What are the prime factors of 1811318518?
2, 1453, 623303
What are the prime factors of 85549441?
97, 881953
What are the prime factors of 3709737896?
2, 23, 20161619
List the prime factors of 145687921.
47, 179, 17317
List the prime factors of 774683187.
3, 47, 5494207
List the prime factors of 76465181.
13, 101, 58237
What are the prime factors of 181496457?
3, 746899
What are the prime factors of 207693000?
2, 3, 5, 47, 491
List the prime factors of 1745913295.
5, 7, 3011, 16567
List the prime factors of 197628282.
2, 3, 23, 41, 3881
What are the prime factors of 469101538?
2, 234550769
What are the prime factors of 22114422?
2, 3, 11, 67, 1667
What are the prime factors of 2170730784?
2, 3, 101, 131, 1709
What are the prime factors of 4436257608?
2, 3, 61614689
List the prime factors of 781995423.
3, 11, 23, 1030297
What are the prime factors of 3325592898?
2, 3, 389, 474949
List the prime factors of 209804432.
2, 71, 184687
List the prime factors of 7473835329.
3, 2491278443
What are the prime factors of 611551835?
5, 1307, 93581
List the prime factors of 46537473.
3, 47, 330053
What are the prime factors of 648538781?
11, 191, 308681
What are the prime factors of 502768375?
5, 4022147
What are the prime factors of 45861128?
2, 659, 8699
What are the prime factors of 1469036?
2, 367259
What are the prime factors of 5829219663?
3, 1943073221
What are the prime factors of 4027781942?
2, 23, 2141, 40897
List the prime factors of 22257787.
1613, 13799
List the prime factors of 88046439.
3, 13, 151, 14951
What are the prime factors of 3138782151?
3, 101, 157, 65981
List the prime factors of 547630056.
2, 3, 197, 38609
List the prime factors of 70226509.
70226509
List the prime factors of 155515119.
3, 51838373
What are the prime factors of 697399620?
2, 3, 5, 307, 37861
List the prime factors of 1069898122.
2, 1693, 315977
List the prime factors of 23415300.
2, 3, 5, 26017
List the prime factors of 2071966470.
2, 3, 5, 7, 379, 3719
What are the prime factors of 2128380981?
3, 31, 22885817
List the prime factors of 57103288.
2, 11, 58991
List the prime factors of 3904730751.
3, 9067, 143551
What are the prime factors of 182359400?
2, 5, 113, 8069
What are the prime factors of 1043490036?
2, 3, 23, 457, 8273
List the prime factors of 420601047.
3, 1129, 124181
What are the prime factors of 498819490?
2, 5, 13, 487, 7879
List the prime factors of 624162768.
2, 3, 19, 37, 53, 349
List the prime factors of 117575973.
3, 37, 353081
What are the prime factors of 29116997?
7, 13, 319967
What are the prime factors of 2656577594?
2, 11, 120753527
What are the prime factors of 36270154?
2, 18135077
List the prime factors of 373344247.
373344247
What are the prime factors of 396086362?
2, 7, 4561, 6203
List the prime factors of 122402018.
2, 3499, 17491
What are the prime factors of 5736294058?
2, 11, 260740639
What are the prime factors of 21544915?
5, 7, 37, 127, 131
List the prime factors of 12339985.
5, 7, 271, 1301
List the prime factors of 212801640.
2, 3, 5, 131, 13537
What are the prime factors of 224577213?
3, 7, 41, 97, 2689
What are the prime factors of 1267862344?
2, 7, 22640399
List the prime factors of 1208330929.
13, 92948533
List the prime factors of 638327894.
2, 67, 4763641
What are the prime factors of 12038669?
17, 239, 2963
What are the prime factors of 614550373?
614550373
What are the prime factors of 43197573?
3, 14399191
What are the prime factors of 3590159337?
3, 107, 3728099
What are the prime factors of 806065808?
2, 50379113
What are the prime factors of 44157682?
2, 79, 279479
List the prime factors of 43260572.
2, 10815143
What are the prime factors of 13891023?
3, 17, 163, 557
What are the prime factors of 21582990?
2, 3, 5, 11, 13, 43
What are the prime factors of 27401709?
3, 113, 80831
What are the prime factors of 72584618?
2, 36292309
What are the prime factors of 78455055?
3, 5, 7, 97, 7703
What are the prime factors of 3159797964?
2, 3, 19, 13858763
List the prime factors of 84967318.
2, 37, 127, 9041
List the prime factors of 210233989.
7, 577, 52051
What are the prime factors of 1087977920?
2, 5, 29, 117239
List the prime factors of 5022504065.
5, 1004500813
What are the prime factors of 275743539?
3, 193, 158747
What are the prime factors of 487361916?
2, 3, 17, 41, 19423
What are the prime factors of 4780413846?
2, 3, 13, 20429119
What are the prime factors of 5304656810?
2, 5, 8329, 63689
List the prime factors of 1982736024.
2, 3, 3347, 24683
What are the prime factors of 4400345488?
2, 7, 11, 43, 83063
What are the prime factors of 101225109?
3, 29, 1163507
What are the prime factors of 455150821?
233, 1953437
List the prime factors of 15521047.
15521047
List the prime factors of 8302586104.
2, 19, 53, 491, 2099
What are the prime factors of 14019052?
2, 23, 152381
List the prime factors of 218046024.
2, 3, 7, 432631
List the prime factors of 75403331.
75403331
What are the prime factors of 644924084?
2, 7, 79, 41651
List the prime factors of 115161995.
5, 13, 17, 89, 1171
What are the prime factors of 679176379?
7, 61, 139, 11443
List the prime factors of 48300212.
2, 181, 66713
What are the prime factors of 38274051?
3, 101, 126317
List the prime factors of 39597144.
2, 3, 41, 40241
What are the prime factors of 175083471?
3, 383, 16931
List the pri